{"id":35,"date":"2024-07-23T08:37:52","date_gmt":"2024-07-23T08:37:52","guid":{"rendered":"https:\/\/multipurpose25.ziptemplates.top\/?page_id=35"},"modified":"2024-08-02T06:21:22","modified_gmt":"2024-08-02T06:21:22","slug":"home","status":"publish","type":"page","link":"https:\/\/klik-it.eu\/","title":{"rendered":"Home"},"content":{"rendered":"\n<div class=\"wp-block-uagb-container uagb-block-a6a8e0d4 alignfull uagb-is-root-container\">\n<div class=\"wp-block-uagb-container uagb-block-41915a2b\">\n<div class=\"wp-block-uagb-info-box uagb-block-5f85bf5b uagb-infobox__content-wrap  uagb-infobox-icon-above-title uagb-infobox-image-valign-top\"><div class=\"uagb-ifb-content\"><div class=\"uagb-ifb-title-wrap\"><span class=\"uagb-ifb-title-prefix\">Kompleksowe<\/span><h1 class=\"uagb-ifb-title\">wsparcie IT dla Twojej firmy<\/h1><\/div><p class=\"uagb-ifb-desc\">Profesjonalne us\u0142ugi IT, kt\u00f3re podnosz\u0105 efektywno\u015b\u0107 Twojego biznesu<\/p><div class=\"uagb-ifb-button-wrapper wp-block-button\"><a href=\"?page_id=39\/\" class=\"uagb-infobox-cta-link wp-block-button__link\" target=\"_self\" rel=\"noopener noreferrer\" onclick=\"return true;\"><span class=\"uagb-inline-editing\">Dowiedz si\u0119 wi\u0119cej<\/span><\/a><\/div><\/div><\/div>\n<\/div>\n<\/div>\n\n\n\n<div class=\"wp-block-uagb-container uagb-layout-grid uagb-block-3223b91b alignfull uagb-is-root-container\"><div class=\"uagb-container-inner-blocks-wrap\">\n<div class=\"wp-block-uagb-container uagb-block-28623a05\">\n<div class=\"wp-block-uagb-image alignright uagb-block-7a3d3d1d wp-block-uagb-image--layout-default wp-block-uagb-image--effect-static wp-block-uagb-image--align-right\"><figure class=\"wp-block-uagb-image__figure\"><img decoding=\"async\" srcset=\"https:\/\/klik-it.eu\/wp-content\/uploads\/2024\/07\/anonymous-colleagues-in-cafe-working-on-laptop-6205490.jpeg ,https:\/\/klik-it.eu\/wp-content\/uploads\/2024\/07\/anonymous-colleagues-in-cafe-working-on-laptop-6205490.jpeg 780w, https:\/\/klik-it.eu\/wp-content\/uploads\/2024\/07\/anonymous-colleagues-in-cafe-working-on-laptop-6205490.jpeg 360w\" sizes=\"auto, (max-width: 480px) 150px\" src=\"https:\/\/klik-it.eu\/wp-content\/uploads\/2024\/07\/anonymous-colleagues-in-cafe-working-on-laptop-6205490.jpeg\" alt=\"\" class=\"uag-image-228\" width=\"230\" height=\"440\" title=\"story-01\" loading=\"lazy\" role=\"img\"\/><\/figure><\/div>\n\n\n\n<div class=\"wp-block-uagb-image alignleft uagb-block-ef0de120 wp-block-uagb-image--layout-default wp-block-uagb-image--effect-static wp-block-uagb-image--align-left\"><figure class=\"wp-block-uagb-image__figure\"><img decoding=\"async\" srcset=\"https:\/\/klik-it.eu\/wp-content\/uploads\/2024\/07\/person-holding-iphone-showing-social-networks-folder-607812.jpeg ,https:\/\/klik-it.eu\/wp-content\/uploads\/2024\/07\/person-holding-iphone-showing-social-networks-folder-607812.jpeg 780w, https:\/\/klik-it.eu\/wp-content\/uploads\/2024\/07\/person-holding-iphone-showing-social-networks-folder-607812.jpeg 360w\" sizes=\"auto, (max-width: 480px) 150px\" src=\"https:\/\/klik-it.eu\/wp-content\/uploads\/2024\/07\/person-holding-iphone-showing-social-networks-folder-607812.jpeg\" alt=\"\" class=\"uag-image-230\" width=\"230\" height=\"440\" title=\"story-02\" loading=\"lazy\" role=\"img\"\/><\/figure><\/div>\n<\/div>\n\n\n\n<div class=\"wp-block-uagb-info-box uagb-block-fd17db92 uagb-infobox__content-wrap  uagb-infobox-icon-above-title uagb-infobox-image-valign-top\"><div class=\"uagb-ifb-content\"><div class=\"uagb-ifb-title-wrap\"><span class=\"uagb-ifb-title-prefix\">O Nas<\/span><h2 class=\"uagb-ifb-title\">Tw\u00f3j zaufany partner w \u015bwiecie IT<\/h2><\/div><p class=\"uagb-ifb-desc\">Jeste\u015bmy firm\u0105 z wieloletnim do\u015bwiadczeniem w bran\u017cy IT. Nasz zesp\u00f3\u0142 sk\u0142ada si\u0119 z wysoko wykwalifikowanych specjalist\u00f3w, kt\u00f3rzy s\u0105 gotowi sprosta\u0107 nawet najtrudniejszym wyzwaniom technologicznym.<\/p><\/div><\/div>\n<\/div><\/div>\n\n\n\n<div class=\"wp-block-uagb-container uagb-block-fc1a1914 alignfull uagb-is-root-container\"><div class=\"uagb-container-inner-blocks-wrap\">\n<div class=\"wp-block-uagb-advanced-heading uagb-block-fc542039\"><p class=\"uagb-desc-text\">Nasze<\/p><h2 class=\"uagb-heading-text\">Us\u0142ugi IT<\/h2><\/div>\n\n\n\n<div class=\"wp-block-uagb-container uagb-block-081ab3e9\">\n<div class=\"wp-block-uagb-container uagb-block-c5c82fe1\">\n<div class=\"wp-block-uagb-info-box uagb-block-93904275 uagb-infobox__content-wrap  uagb-infobox-icon-above-title uagb-infobox-image-valign-top wp-block-uagb-info-box--has-margin\"><div class=\"uagb-infobox-margin-wrapper\"><div class=\"uagb-ifb-content\"><div class=\"uagb-ifb-title-wrap\"><h3 class=\"uagb-ifb-title\">Wsparcie Techniczne<\/h3><\/div><p class=\"uagb-ifb-desc\">Rozwi\u0105zywanie problem\u00f3w technicznych<\/p><div class=\"uagb-ifb-button-wrapper wp-block-button\"><a href=\"services\/\" target=\"_self\" onclick=\"return true;\" class=\"uagb-infobox-cta-link\" rel=\"noopener noreferrer\"><span class=\"uagb-inline-editing\">Czytaj wi\u0119cej<\/span><\/a><\/div><\/div><\/div><\/div>\n\n\n\n<div class=\"wp-block-uagb-image aligncenter uagb-block-4e88f024 wp-block-uagb-image--layout-default wp-block-uagb-image--effect-static wp-block-uagb-image--align-center\"><figure class=\"wp-block-uagb-image__figure\"><img decoding=\"async\" srcset=\"https:\/\/klik-it.eu\/wp-content\/uploads\/2024\/07\/photo-of-a-laptop-and-a-tablet-on-the-table-2528118.jpeg ,https:\/\/klik-it.eu\/wp-content\/uploads\/2024\/07\/photo-of-a-laptop-and-a-tablet-on-the-table-2528118.jpeg 780w, https:\/\/klik-it.eu\/wp-content\/uploads\/2024\/07\/photo-of-a-laptop-and-a-tablet-on-the-table-2528118.jpeg 360w\" sizes=\"auto, (max-width: 480px) 150px\" src=\"https:\/\/klik-it.eu\/wp-content\/uploads\/2024\/07\/photo-of-a-laptop-and-a-tablet-on-the-table-2528118.jpeg\" alt=\"\" class=\"uag-image-232\" width=\"600\" height=\"300\" title=\"services-01\" loading=\"lazy\" role=\"img\"\/><\/figure><\/div>\n<\/div>\n\n\n\n<div class=\"wp-block-uagb-container uagb-block-25509c08\">\n<div class=\"wp-block-uagb-info-box uagb-block-420df1c8 uagb-infobox__content-wrap  uagb-infobox-icon-above-title uagb-infobox-image-valign-top wp-block-uagb-info-box--has-margin\"><div class=\"uagb-infobox-margin-wrapper\"><div class=\"uagb-ifb-content\"><div class=\"uagb-ifb-title-wrap\"><h3 class=\"uagb-ifb-title\">Konsulting IT<\/h3><\/div><p class=\"uagb-ifb-desc\">Doradztwo w wyborze rozwi\u0105za\u0144 technologicznych<\/p><div class=\"uagb-ifb-button-wrapper wp-block-button\"><a href=\"services\/\" target=\"_self\" onclick=\"return true;\" class=\"uagb-infobox-cta-link\" rel=\"noopener noreferrer\"><span class=\"uagb-inline-editing\">Czytaj wi\u0119cej<\/span><\/a><\/div><\/div><\/div><\/div>\n\n\n\n<div class=\"wp-block-uagb-image aligncenter uagb-block-ccaae510 wp-block-uagb-image--layout-default wp-block-uagb-image--effect-static wp-block-uagb-image--align-center\"><figure class=\"wp-block-uagb-image__figure\"><img decoding=\"async\" srcset=\"https:\/\/klik-it.eu\/wp-content\/uploads\/2024\/07\/man-in-white-dress-shirt-sitting-on-black-rolling-chair-while-facing-black-computer-set-and-smiling-840996.jpeg ,https:\/\/klik-it.eu\/wp-content\/uploads\/2024\/07\/man-in-white-dress-shirt-sitting-on-black-rolling-chair-while-facing-black-computer-set-and-smiling-840996.jpeg 780w, https:\/\/klik-it.eu\/wp-content\/uploads\/2024\/07\/man-in-white-dress-shirt-sitting-on-black-rolling-chair-while-facing-black-computer-set-and-smiling-840996.jpeg 360w\" sizes=\"auto, (max-width: 480px) 150px\" src=\"https:\/\/klik-it.eu\/wp-content\/uploads\/2024\/07\/man-in-white-dress-shirt-sitting-on-black-rolling-chair-while-facing-black-computer-set-and-smiling-840996.jpeg\" alt=\"\" class=\"uag-image-227\" width=\"600\" height=\"300\" title=\"services-05\" loading=\"lazy\" role=\"img\"\/><\/figure><\/div>\n<\/div>\n\n\n\n<div class=\"wp-block-uagb-container uagb-block-47f6ebf1\">\n<div class=\"wp-block-uagb-info-box uagb-block-320f8fc9 uagb-infobox__content-wrap  uagb-infobox-icon-above-title uagb-infobox-image-valign-top wp-block-uagb-info-box--has-margin\"><div class=\"uagb-infobox-margin-wrapper\"><div class=\"uagb-ifb-content\"><div class=\"uagb-ifb-title-wrap\"><h3 class=\"uagb-ifb-title\">Serwis Urz\u0105dze\u0144 Komputerowych<\/h3><\/div><p class=\"uagb-ifb-desc\">Profesjonalny serwis sprz\u0119tu komputerowego<\/p><div class=\"uagb-ifb-button-wrapper wp-block-button\"><a href=\"services\/\" target=\"_self\" onclick=\"return true;\" class=\"uagb-infobox-cta-link\" rel=\"noopener noreferrer\"><span class=\"uagb-inline-editing\">Czytaj wi\u0119cej<\/span><\/a><\/div><\/div><\/div><\/div>\n\n\n\n<div class=\"wp-block-uagb-image aligncenter uagb-block-12c9f8c0 wp-block-uagb-image--layout-default wp-block-uagb-image--effect-static wp-block-uagb-image--align-center\"><figure class=\"wp-block-uagb-image__figure\"><img decoding=\"async\" srcset=\"https:\/\/klik-it.eu\/wp-content\/uploads\/2024\/07\/man-with-headphones-facing-computer-monitor-845451.jpeg ,https:\/\/klik-it.eu\/wp-content\/uploads\/2024\/07\/man-with-headphones-facing-computer-monitor-845451.jpeg 780w, https:\/\/klik-it.eu\/wp-content\/uploads\/2024\/07\/man-with-headphones-facing-computer-monitor-845451.jpeg 360w\" sizes=\"auto, (max-width: 480px) 150px\" src=\"https:\/\/klik-it.eu\/wp-content\/uploads\/2024\/07\/man-with-headphones-facing-computer-monitor-845451.jpeg\" alt=\"\" class=\"uag-image-229\" width=\"600\" height=\"300\" title=\"services-03\" loading=\"lazy\" role=\"img\"\/><\/figure><\/div>\n<\/div>\n<\/div>\n<\/div><\/div>\n\n\n\n<div class=\"wp-block-uagb-container uagb-block-56ced4a1 alignfull uagb-is-root-container\"><div class=\"uagb-container-inner-blocks-wrap\">\n<div class=\"wp-block-uagb-info-box uagb-block-63acebdb uagb-infobox__content-wrap  uagb-infobox-icon-above-title uagb-infobox-image-valign-top\"><div class=\"uagb-ifb-content\"><div class=\"uagb-ifb-title-wrap\"><span class=\"uagb-ifb-title-prefix\">Jak to<\/span><h2 class=\"uagb-ifb-title\">dzia\u0142a<\/h2><\/div><p class=\"uagb-ifb-desc\">z nasz\u0105 firm\u0105<\/p><\/div><\/div>\n\n\n\n<div class=\"wp-block-uagb-container uagb-block-17a71973\">\n<div class=\"wp-block-uagb-advanced-heading uagb-block-df4a78a1\"><h3 class=\"uagb-heading-text\">Wsparcie<\/h3><p class=\"uagb-desc-text\">Zapewniamy szybkie i skuteczne rozwi\u0105zywanie problem\u00f3w technicznych.<\/p><\/div>\n\n\n\n<div class=\"wp-block-uagb-separator uagb-block-d7de01b9\"><div class=\"uagb-separator-spacing-wrapper\"><div class=\"wp-block-uagb-separator__inner\" style=\"--my-background-image:\"><\/div><\/div><\/div>\n\n\n\n<div class=\"wp-block-uagb-advanced-heading uagb-block-1fcca3b1\"><h3 class=\"uagb-heading-text\">Konsulting<\/h3><p class=\"uagb-desc-text\">Pomagamy w wyborze najlepszych rozwi\u0105za\u0144 technologicznych.<\/p><\/div>\n\n\n\n<div class=\"wp-block-uagb-separator uagb-block-1fc26a97\"><div class=\"uagb-separator-spacing-wrapper\"><div class=\"wp-block-uagb-separator__inner\" style=\"--my-background-image:\"><\/div><\/div><\/div>\n\n\n\n<div class=\"wp-block-uagb-advanced-heading uagb-block-52ae06fb\"><h3 class=\"uagb-heading-text\">Serwis<\/h3><p class=\"uagb-desc-text\">Profesjonalny serwis i konserwacja sprz\u0119tu komputerowego.<\/p><\/div>\n<\/div>\n<\/div><\/div>\n\n\n\n<div class=\"wp-block-uagb-container uagb-block-950f94b6 alignfull uagb-is-root-container\"><div class=\"uagb-container-inner-blocks-wrap\">\n<div class=\"wp-block-uagb-container uag-blocks-common-selector uagb-layout-grid uagb-block-fc46736b\">\n<div class=\"wp-block-uagb-advanced-heading uagb-block-709fcad4\"><h2 class=\"uagb-heading-text\">Sprawd\u017a nasz\u0105 pe\u0142n\u0105 ofert\u0119 us\u0142ug IT<\/h2><\/div>\n\n\n\n<div class=\"wp-block-uagb-buttons uagb-buttons__outer-wrap uagb-btn__default-btn uagb-btn-tablet__default-btn uagb-btn-mobile__default-btn uagb-block-483668c5\"><div class=\"uagb-buttons__wrap uagb-buttons-layout-wrap \">\n<div class=\"wp-block-uagb-buttons-child uagb-buttons__outer-wrap uagb-block-69881479 wp-block-button\"><div class=\"uagb-button__wrapper\"><a class=\"uagb-buttons-repeater wp-block-button__link\" aria-label=\"\" href=\"contact\/\" rel=\"follow noopener\" target=\"_self\" role=\"button\"><div class=\"uagb-button__link\">Dowiedz si\u0119 wi\u0119cej<\/div><\/a><\/div><\/div>\n<\/div><\/div>\n<\/div>\n\n\n\n<div class=\"wp-block-uagb-advanced-heading uagb-block-8ee224dd\"><p class=\"uagb-desc-text\">Dlaczego<\/p><h2 class=\"uagb-heading-text\">Warto Nam Zaufa\u0107?<\/h2><\/div>\n\n\n\n<div class=\"wp-block-uagb-container uagb-block-828e64be\">\n<div class=\"wp-block-uagb-container uagb-block-39559f3c\">\n<div class=\"wp-block-uagb-advanced-heading uagb-block-c6839492\"><h3 class=\"uagb-heading-text\">Elastyczne wsparcie<\/h3><p class=\"uagb-desc-text\">Jeste\u015bmy dost\u0119pni dla Ciebie wtedy, gdy tego potrzebujesz.<\/p><\/div>\n<\/div>\n\n\n\n<div class=\"wp-block-uagb-container uagb-block-62bb75ca\">\n<div class=\"wp-block-uagb-advanced-heading uagb-block-6ded3d21\"><h3 class=\"uagb-heading-text\">Do\u015bwiadczony zesp\u00f3\u0142<\/h3><p class=\"uagb-desc-text\">Nasz zesp\u00f3\u0142 sk\u0142ada si\u0119 z wykwalifikowanych specjalist\u00f3w z d\u0142ugoletnim do\u015bwiadczeniem.<\/p><\/div>\n<\/div>\n\n\n\n<div class=\"wp-block-uagb-container uagb-block-aa708dbd\">\n<div class=\"wp-block-uagb-advanced-heading uagb-block-678523aa\"><h3 class=\"uagb-heading-text\">Szybka reakcja<\/h3><p class=\"uagb-desc-text\">Gwarantujemy szybk\u0105 reakcj\u0119 na Twoje zapytania i problemy.<\/p><\/div>\n<\/div>\n<\/div>\n<\/div><\/div>\n\n\n\n<div class=\"wp-block-uagb-container uagb-block-700fd503 alignfull uagb-is-root-container\"><div class=\"uagb-container-inner-blocks-wrap\">\n<div class=\"wp-block-uagb-advanced-heading uagb-block-6695d700\"><p class=\"uagb-desc-text\">Opinie<\/p><h2 class=\"uagb-heading-text\">naszych klient\u00f3w<\/h2><\/div>\n\n\n\n<div class=\"wp-block-uagb-star-rating uagb-block-55fb7d50\"><div class=\"uag-star-rating\" title=\"5\/5\"><span class=\"uag-star\">\u2605<\/span><span class=\"uag-star\">\u2605<\/span><span class=\"uag-star\">\u2605<\/span><span class=\"uag-star\">\u2605<\/span><span class=\"uag-star\">\u2605<\/span><\/div><\/div>\n\n\n\n<div class=\"wp-block-uagb-testimonial uagb-slick-carousel uagb-tm__arrow-outside uagb-block-125f66ad\"><div class=\"is-carousel uagb-tm__columns-1 uagb-tm__items\"><div class=\"uagb-testimonial__wrap  uagb-tm__imgicon-style-circle uagb-tm__image-position-bottom uagb-tm__bg-type-none \"><div class=\"uagb-tm__content\"><div class=\"uagb-tm__overlay\"><\/div><div class=\"uagb-tm__text-wrap\"><div class=\"uagb-tm__desc\">Profesjonalne podej\u015bcie i skuteczne rozwi\u0105zania. Polecam!<\/div><div class=\"uagb-tm__meta-inner\"><div class=\"uagb-tm__image-content\"><div class=\"uagb-tm__image\"><img decoding=\"async\" class=\"uagb-tm-img-src\" src=\"http:\/\/klik-it.eu\/wp-content\/uploads\/2024\/05\/testimonial-skip-01.jpg\" alt=\"\" width=\"50\" height=\"50\" loading=\"lazy\"\/><\/div><\/div><div class=\"uagb-testimonial-details\"><span class=\"uagb-tm__author-name\">Jan<\/span><span class=\"uagb-tm__company\">James Oliver<\/span><\/div><\/div><\/div><\/div><\/div><div class=\"uagb-testimonial__wrap  uagb-tm__imgicon-style-circle uagb-tm__image-position-bottom uagb-tm__bg-type-none \"><div class=\"uagb-tm__content\"><div class=\"uagb-tm__overlay\"><\/div><div class=\"uagb-tm__text-wrap\"><div class=\"uagb-tm__desc\">Nasza firma zawsze mo\u017ce liczy\u0107 na wsparcie klik IT. Bardzo zadowoleni!<\/div><div class=\"uagb-tm__meta-inner\"><div class=\"uagb-tm__image-content\"><div class=\"uagb-tm__image\"><img decoding=\"async\" class=\"uagb-tm-img-src\" src=\"http:\/\/klik-it.eu\/wp-content\/uploads\/2024\/05\/testimonial-skip-02.jpg\" alt=\"\" width=\"50\" height=\"50\" loading=\"lazy\"\/><\/div><\/div><div class=\"uagb-testimonial-details\"><span class=\"uagb-tm__author-name\">Adam<\/span><span class=\"uagb-tm__company\">Company Name<\/span><\/div><\/div><\/div><\/div><\/div><\/div><\/div>\n<\/div><\/div>\n\n\n\n<div class=\"wp-block-uagb-container uagb-block-a44e806f alignfull uagb-is-root-container\"><div class=\"uagb-container-inner-blocks-wrap\">\n<div class=\"wp-block-uagb-container uagb-block-942920e8\">\n<div class=\"wp-block-uagb-info-box uagb-block-8efa70de uagb-infobox__content-wrap  uagb-infobox-icon-above-title uagb-infobox-image-valign-top\"><div class=\"uagb-ifb-content\"><div class=\"uagb-ifb-title-wrap\"><span class=\"uagb-ifb-title-prefix\">Skontaktuj si\u0119<\/span><h2 class=\"uagb-ifb-title\">z nami<\/h2><\/div><p class=\"uagb-ifb-desc\">Je\u015bli masz pytania lub chcesz skorzysta\u0107 z naszych us\u0142ug, skontaktuj si\u0119 z nami ju\u017c teraz.<\/p><div class=\"uagb-ifb-button-wrapper wp-block-button\"><a href=\"?page_id=39\/\" class=\"uagb-infobox-cta-link wp-block-button__link\" target=\"_self\" rel=\"noopener noreferrer\" onclick=\"return true;\"><span class=\"uagb-inline-editing\">Dowiedz si\u0119 wi\u0119cej<\/span><\/a><\/div><\/div><\/div>\n<\/div>\n<\/div><\/div>\n","protected":false},"excerpt":{"rendered":"<p>Nasze Us\u0142ugi IT Wsparcie Zapewniamy szybkie i skuteczne rozwi\u0105zywanie problem\u00f3w technicznych. Konsulting Pomagamy w wyborze najlepszych rozwi\u0105za\u0144 technologicznych. Serwis Profesjonalny [&hellip;]<\/p>\n","protected":false},"author":3,"featured_media":0,"parent":0,"menu_order":0,"comment_status":"closed","ping_status":"closed","template":"","meta":{"_uag_custom_page_level_css":"","site-sidebar-layout":"default","site-content-layout":"","ast-site-content-layout":"default","site-content-style":"default","site-sidebar-style":"default","ast-global-header-display":"","ast-banner-title-visibility":"","ast-main-header-display":"","ast-hfb-above-header-display":"","ast-hfb-below-header-display":"","ast-hfb-mobile-header-display":"","site-post-title":"disabled","ast-breadcrumbs-content":"","ast-featured-img":"","footer-sml-layout":"","ast-disable-related-posts":"","theme-transparent-header-meta":"","adv-header-id-meta":"","stick-header-meta":"","header-above-stick-meta":"","header-main-stick-meta":"","header-below-stick-meta":"","astra-migrate-meta-layouts":"default","ast-page-background-enabled":"default","ast-page-background-meta":{"desktop":{"background-color":"var(--ast-global-color-4)","background-image":"","background-repeat":"repeat","background-position":"center center","background-size":"auto","background-attachment":"scroll","background-type":"","background-media":"","overlay-type":"","overlay-color":"","overlay-opacity":"","overlay-gradient":""},"tablet":{"background-color":"","background-image":"","background-repeat":"repeat","background-position":"center center","background-size":"auto","background-attachment":"scroll","background-type":"","background-media":"","overlay-type":"","overlay-color":"","overlay-opacity":"","overlay-gradient":""},"mobile":{"background-color":"","background-image":"","background-repeat":"repeat","background-position":"center center","background-size":"auto","background-attachment":"scroll","background-type":"","background-media":"","overlay-type":"","overlay-color":"","overlay-opacity":"","overlay-gradient":""}},"ast-content-background-meta":{"desktop":{"background-color":"var(--ast-global-color-5)","background-image":"","background-repeat":"repeat","background-position":"center center","background-size":"auto","background-attachment":"scroll","background-type":"","background-media":"","overlay-type":"","overlay-color":"","overlay-opacity":"","overlay-gradient":""},"tablet":{"background-color":"var(--ast-global-color-5)","background-image":"","background-repeat":"repeat","background-position":"center center","background-size":"auto","background-attachment":"scroll","background-type":"","background-media":"","overlay-type":"","overlay-color":"","overlay-opacity":"","overlay-gradient":""},"mobile":{"background-color":"var(--ast-global-color-5)","background-image":"","background-repeat":"repeat","background-position":"center center","background-size":"auto","background-attachment":"scroll","background-type":"","background-media":"","overlay-type":"","overlay-color":"","overlay-opacity":"","overlay-gradient":""}},"footnotes":""},"class_list":["post-35","page","type-page","status-publish","hentry"],"uagb_featured_image_src":{"full":false,"thumbnail":false,"medium":false,"medium_large":false,"large":false,"1536x1536":false,"2048x2048":false},"uagb_author_info":{"display_name":"xwkvadivjmco","author_link":"https:\/\/klik-it.eu\/?author=3"},"uagb_comment_info":0,"uagb_excerpt":"Nasze Us\u0142ugi IT Wsparcie Zapewniamy szybkie i skuteczne rozwi\u0105zywanie problem\u00f3w technicznych. Konsulting Pomagamy w wyborze najlepszych rozwi\u0105za\u0144 technologicznych. Serwis Profesjonalny [&hellip;]","_links":{"self":[{"href":"https:\/\/klik-it.eu\/index.php?rest_route=\/wp\/v2\/pages\/35","targetHints":{"allow":["GET"]}}],"collection":[{"href":"https:\/\/klik-it.eu\/index.php?rest_route=\/wp\/v2\/pages"}],"about":[{"href":"https:\/\/klik-it.eu\/index.php?rest_route=\/wp\/v2\/types\/page"}],"author":[{"embeddable":true,"href":"https:\/\/klik-it.eu\/index.php?rest_route=\/wp\/v2\/users\/3"}],"replies":[{"embeddable":true,"href":"https:\/\/klik-it.eu\/index.php?rest_route=%2Fwp%2Fv2%2Fcomments&post=35"}],"version-history":[{"count":7,"href":"https:\/\/klik-it.eu\/index.php?rest_route=\/wp\/v2\/pages\/35\/revisions"}],"predecessor-version":[{"id":263,"href":"https:\/\/klik-it.eu\/index.php?rest_route=\/wp\/v2\/pages\/35\/revisions\/263"}],"wp:attachment":[{"href":"https:\/\/klik-it.eu\/index.php?rest_route=%2Fwp%2Fv2%2Fmedia&parent=35"}],"curies":[{"name":"wp","href":"https:\/\/api.w.org\/{rel}","templated":true}]}}